
8
Let s(z) = -28*z + 1727. Determine s(62).
-9
Let w(p) = 2*p**2 - 256*p + 1454. What is w(6)?
-10
Let q(c) = -8069*c + 32281. What is q(4)?
5
Let v(a) = a**2 - 19*a - 28. Determine v(11).
-116
Let d(b) = 36*b + 109. What is d(-11)?
-287
Let m(h) = h**3 + 20*h**2 + 22*h + 247. Give m(-17).
740
Let g(z) = z**3 + 23*z**2 + 88*z - 27. Calculate g(-18).
9
Let z(y) = -2*y**2 - 25*y + 37. Give z(-8).
109
Let t(s) = 9*s**2 - 324*s + 1157. Calculate t(32).
5
Let p(n) = 19*n**2 + 2*n - 4. Determine p(1).
17
Let m(g) = -11*g + 1258. What is m(116)?
-18
Let k(o) = -2*o**2 + 63*o + 1106. Determine k(-12).
62
Let n(w) = 79*w - 10385. Calculate n(131).
-36
Let l(w) = -100*w - 1481. Calculate l(-15).
19
Let l(w) = 401*w + 7612. Give l(-19).
-7
Let d(t) = 11*t**3 - 7*t**2 + 36*t - 44. Calculate d(2).
88
Let k(y) = -3*y**2 + 583*y + 2375. Determine k(-4).
-5
Let u(w) = 2*w + 21. What is u(-1)?
19
Let o(m) = 3*m**3 - 23*m**2 + 33*m + 5. Determine o(5).
-30
Let v(h) = -2*h**2 - 281*h - 6100. Give v(-113).
115
Let y(d) = -d**3 + 110*d**2 - 1093*d + 396. What is y(99)?
0
Let x(w) = w**2 + 33*w - 92. Determine x(-34).
-58
Let t(k) = -15*k**2 - 21*k - 58. Give t(-4).
-214
Let g(d) = -12*d**2 + 6*d + 13. Calculate g(-3).
-113
Let o(b) = 17*b - 95. What is o(6)?
7
Let c(v) = v**2 + v + 25. What is c(8)?
97
Let q(t) = -15*t**2 + 11*t - 14. Calculate q(4).
-210
Let v(m) = -m**3 + 93*m**2 - 3*m + 650. Determine v(93).
371
Let i(j) = -6*j**2 - 78*j - 31. Determine i(-15).
-211
Let m(d) = -d**3 - 27*d**2 - 33*d - 84. Determine m(-26).
98
Let x(m) = 47*m - 108. Give x(8).
268
Let j(r) = -106*r - 43. Determine j(-2).
169
Let o(g) = -12*g - 530. Calculate o(-44).
-2
Let q(d) = 28*d + 580. Give q(-21).
-8
Let s(u) = 2*u**2 - 342*u + 2920. Determine s(9).
4
Let c(n) = -4568*n - 36543. Give c(-8).
1
Let h(b) = 92*b**2 + 12*b - 2. Determine h(-1).
78
Let c(a) = 27*a + 962. Determine c(-36).
-10
Let t(q) = -4*q**2 - 230*q - 146. Determine t(-57).
-32
Let u(m) = -19*m + 85. Calculate u(5).
-10
Let p(r) = -r**2 + 255*r - 5555. Give p(24).
-11
Let p(j) = j**3 - 357*j**2 + 692*j + 6394. Calculate p(355).
4
Let n(k) = -355*k - 8. Give n(0).
-8
Let w(x) = 8*x**3 + 287*x**2 - 32*x + 144. Give w(-36).
0
Let w(h) = -1471*h + 48544. What is w(33)?
1
Let b(s) = -56*s - 184. Determine b(-7).
208
Let y(i) = -i**3 - 467*i**2 - 1837*i + 6936. Determine y(-463).
-9
Let f(t) = t**2 + 75*t + 686. Give f(-10).
36
Let l(o) = 172*o**3 + o**2 - 6*o. Determine l(1).
167
Let k(f) = 306*f - 2107. What is k(7)?
35
Let l(t) = -t**3 - 19*t**2 - 15*t + 92. Determine l(-18).
38
Let t(x) = 3*x**3 + 4*x**2 + 9*x + 61. Give t(-4).
-103
Let j(c) = -20*c**2 - 291*c + 579. Determine j(2).
-83
Let q(h) = h**3 - 27*h**2 + 4*h + 43. Calculate q(26).
-529
Let n(v) = 21*v**2 + 841*v + 51. Give n(-40).
11
Let x(a) = -346*a**2 - 1737*a - 10. Calculate x(-5).
25
Let v(p) = -p**2 - 8*p - 13. Give v(-14).
-97
Let r(m) = -m**2 - 16*m + 2966. Determine r(-63).
5
Let y(q) = -414*q**3 - 3*q**2 - 6*q - 3. Calculate y(-1).
414
Let a(c) = -97*c - 104. Calculate a(5).
-589
Let q(t) = -t**3 + 8*t**2 - 18*t + 25. Give q(4).
17
Let m(t) = -t**3 - 15*t**2 + 75*t + 9. Give m(-19).
28
Let a(p) = -p**3 + 26*p**2 + 29*p - 88. Give a(27).
-34
Let q(g) = g**3 + 66*g**2 - 7*g - 472. Determine q(-66).
-10
Let r(v) = 429*v + 4256. What is r(-10)?
-34
Let r(c) = -188*c + 2664. Determine r(14).
32
Let o(g) = -61*g + 2227. Determine o(36).
31
Let v(s) = -s**3 + 30*s**2 - 66*s + 285. Give v(28).
5
Let t(d) = 44*d + 134. Calculate t(-2).
46
Let d(i) = -4*i - 174. What is d(-8)?
-142
Let b(p) = 6*p**3 - 72*p**2 + 2*p - 32. What is b(12)?
-8
Let r(n) = -n**2 - 45*n - 252. Calculate r(-40).
-52
Let x(v) = 116*v - 7268. Give x(63).
40
Let q(n) = 14*n**2 - 2114*n - 36. What is q(151)?
-36
Let v(c) = 9*c**2 + 116*c + 263. Calculate v(-10).
3
Let u(o) = o**3 - 28*o**2 - 40*o + 253. Determine u(29).
-66
Let n(m) = -11*m**3 + 615*m**2 + 54*m - 177. Give n(56).
-289
Let u(a) = 31*a**2 - 2*a - 13. Calculate u(3).
260
Let b(i) = 3*i**2 + 50*i + 88. Give b(-2).
0
Let f(i) = -i**3 + 37*i**2 + 2*i - 82. What is f(37)?
-8
Let f(p) = -86*p - 5573. Calculate f(-65).
17
Let c(i) = 31*i + 37. Give c(-2).
-25
Let t(d) = 2*d**2 + 17*d + 11. Determine t(7).
228
Let n(q) = 4*q**2 - 15*q + 18. Determine n(6).
72
Let g(z) = -455*z - 11838. Calculate g(-26).
-8
Let c(n) = -7*n + 27. Calculate c(-7).
76
Let v(p) = p**2 + 18*p - 30. Give v(-21).
33
Let h(p) = -p**2 + 13*p + 1045. Give h(39).
31
Let a(c) = c**2 + 144*c + 2506. What is a(-124)?
26
Let r(h) = -h**2 - 73*h - 503. Give r(-65).
17
Let s(j) = -117*j - 603. Determine s(-8).
333
Let i(a) = 5*a**3 - 48*a**2 + 56*a - 9. Calculate i(1).
4
Let g(j) = -j**2 + 412*j - 42403. Determine g(202).
17
Let b(a) = a**3 - 114*a**2 - 1377*a - 9. Give b(-11).
13
Let n(i) = -2*i**2 - 78*i + 326. What is n(4)?
-18
Let d(f) = f**3 - 44*f**2 + 483*f - 1. Calculate d(21).
-1
Let j(l) = -l**2 - 32*l - 253. Calculate j(-18).
-1
Let v(i) = 2*i**3 + 10*i**2 - 624*i - 3114. What is v(-5)?
6
Let u(y) = 2*y**2 + 138*y + 752. What is u(-63)?
-4
Let q(i) = 2*i**2 + 30*i - 282. Determine q(-29).
530
Let u(w) = 2*w**2 + 1398*w + 25842. Give u(-19).
2
Let z(m) = -m**3 + 3*m**2 - 8*m - 19. Give z(5).
-109
Let z(g) = -g**2 - 3252*g - 32428. Determine z(-10).
-8
Let v(g) = -g**2 + 769*g - 6085. Calculate v(8).
3
Let z(l) = 2*l**3 + 74*l**2 + 141*l + 28. Give z(-35).
-7
Let r(g) = 223*g + 4942. Give r(-21).
259
Let n(k) = -5*k**2 - 46*k + 221. Give n(5).
-134
Let x(y) = 5*y**2 + 190*y + 165. Calculate x(-37).
-20
Let w(b) = -13*b - 7. What is w(11)?
-150
Let r(f) = -f**2 + 64*f - 1022. Calculate r(32).
2
Let c(z) = -29*z + 44. What is c(-7)?
247
Let p(y) = 2*y**3 + 7*y**2 - 6*y + 46. Give p(-5).
1
Let b(j) = j**3 - 4*j**2 - 75*j - 19. Determine b(11).
3
Let g(k) = k**3 + 144*k**2 - 591*k + 155. Determine g(-148).
7
Let s(f) = f**3 + 9*f**2 - 32*f - 208. Give s(-10).
12
Let r(x) = -369*x + 1834. Determine r(5).
-11
Let m(w) = 42*w**3 - 2*w**2 + 7*w - 6. Calculate m(1).
41
Let d(m) = 2*m**2 - 56*m + 24. Give d(26).
-80
Let w(d) = -d**3 - 9*d**2 - 9*d + 9. Determine w(-8).
17
Let i(o) = -6*o**2 + 66*o + 8247. What is i(43)?
-9
Let v(r) = 25*r + 23. Calculate v(3).
98
Let n(m) = 350*m - 2532. Determine n(7).
-82
Let g(a) = -24*a + 20. What is g(9)?
-196
Let y(w) = -11*w**3 - 108*w**2 + 24*w + 58. Calculate y(-10).
18
Let k(h) = 50*h - 55. Determine k(0).
-55
Let q(m) = m**3 + 44*m**2 - 353*m + 87. What is q(-51)?
-117
Let w(a) = 8*a + 7. Give w(3).
31
Let m(b) = -31*b + 2044. Determine m(65).
29
Let x(z) = z**3 - 6*z**2 - 4*z + 32. What is x(2)?
8
Let x(r) = -r**2 - 52*r + 140. Give x(-58).
-208
Let m(w) = -12*w**3 + 68*w**2 + 8*w - 2. Calculate m(5).
238
Let i(n) = -2*n**2 + 9*n + 126. Give i(-6).
0
Let a(y) = y**2 - 24*y - 79. What is a(26)?
-27
Let w(n) = -201*n**2 - 7*n + 1. Determine w(1).
-207
Let k(b) = -2*b**3 + 17*b**2 - 17*b + 186. What is k(9)?
-48
Let r(m) = 3*m**2 - 58*m + 155. What is r(16)?
-5
Let d(x) = 54*x**3 + 11*x**2 - 16*x + 6. Determine d(2).
450
Let v(s) = -s**3 + 24*s**2 + 32*s - 109. Determine v(25).
66
Let k(l) = -44*l - 854. Give k(-17).
-106
Let i(q) = -404*q + 1625. Determine i(4).
9
Let m(i) = -127*i - 2063. Give m(-16).
-31
Let g(f) = 1276*f - 8949. What is g(7)?
-17
Let j(s) = s + 4. Give j(-3).
1
Let k(z) = -z**2 + 128*z - 1983. What is k(18)?
-3
Let f(k) = -56*k + 430. What is f(10)?
-130
Let v(z) = -z**2 + 175*z - 3233. Determine v(21).
1
Let h(l) = 2*l**3 - 11*l**2 + 2*l + 10. Calculate h(5).
-5
Let p(l) = l**2 - 2000*l - 6011. Determine p(-3).
-2
Let u(h) = -h**2 - 24*h - 1. What is u(0)?
-1
Let y(u) = -u**3 - 18*u**2 - 3*u - 37. What is y(-18)?
17
Let q(y) = -58*y**2 - 18*y - 19. Give q(-1).
-59
Let t(a) = 4*a**3 - 38*a**2 - 21*a - 28. Calculate t(10).
-38
Let k(o) = 3*o**2 + 61*o + 84. Give k(-19).
8
Let v(o) = o**2 + 11*o - 18. Determine v(-13).
8
Let a(z) = -14*z**2 + 98*z + 27. What is a(8)?
-85
Let d(n) = -150*n + 186. Give d(2).
-114
Let a(i) = -13*i - 552. Give a(-44).
20
Let g(b) = b**3 - 7*b**2 - 43*b - 2. What is g(-4)?
-6
Let v(i) = 5*i**3 - 18*i**2 + 4*i - 17. Calculate v(4).
31
Let i(b) = 3*b**3 - 107*b**2 + 94*b - 814. Calculate i(35).
26
Let j(q) = -59*q - 666. Determine j(-11).
-17
Let a(v) = v**2 - 37*v